(-2). What is the greatest common factor of p and k?
3
Suppose -85*y = -70*y - 855. Calculate the highest common divisor of y and 25251.
57
Let r be 48/(-216)*-10701 + (5 - -2). Calculate the highest common factor of 63 and r.
9
Let z = 6850 + -6326. What is the highest common divisor of z and 6550?
262
Suppose 400 + 692 = 4*y. Let v = 23093 + -23072. What is the greatest common divisor of v and y?
21
Suppose -7262 = 9*c - 60182. Suppose 42*n - 14*n - c = 0. Let d = 85 + -55. Calculate the greatest common factor of d and n.
30
Let c = 463 - 463. Suppose c*r = -r + 5*v + 245, 0 = -4*r + 2*v + 962. What is the greatest common factor of 144 and r?
48
Let b = 105 + 1015. Suppose 18*s - b = 13*s. What is the greatest common factor of 14 and s?
14
Suppose -57 = -5*g - 4*r, r = -3*r - 8. Let f(v) = 14*v - 116. Let o be f(g). Calculate the greatest common factor of o and 858.
66
Let f be 2/(-21) - (-62308)/1554. Calculate the highest common factor of f and 270.
10
Suppose 4*t + y = 368, 0 = 5*t - 4*t + y - 95. Calculate the greatest common divisor of 49 and t.
7
Let n(o) = -4*o + o - 2*o + 4*o + 19. Let k be n(5). What is the greatest common factor of k and 14?
14
Let p = 34 - 31. Suppose 5*b - 216 = m + 3*m, 0 = -4*b - p*m + 179. Calculate the highest common factor of b and 88.
44
Let o be 14 + 72/12 + 148. What is the greatest common factor of 96 and o?
24
Let s = 22527 - 22303. What is the highest common factor of 1696 and s?
32
Suppose -15*f + 119*f = 6552. Suppose 0 = -3*g - g + 588. What is the greatest common factor of f and g?
21
Suppose -671680 = -72*i + 1639788 - 739708. What is the highest common factor of i and 370?
370
Let j = 2096 - 1708. What is the greatest common factor of j and 2619?
97
Suppose 0 = 17*b + 19*b - 108. Suppose -2*i - w = 2*w - 4, i = -b*w - 4. Calculate the highest common factor of i and 72.
8
Let r = -5179 + 5291. Calculate the highest common factor of 8008 and r.
56
Let o be -7*(0/18 - 4*1). Suppose -2*w = -4*t + 98 - o, 0 = 3*t - 2*w - 50. What is the highest common factor of 40 and t?
20
Suppose 1123*z - 969 = 1122*z. What is the highest common factor of z and 34?
17
Let x(i) = 18*i**2 - 188*i + 108. Let g be x(10). Suppose 8*w + 5*f = 4*w + 281, 2*w - 108 = 4*f. Calculate the greatest common factor of g and w.
4
Suppose -7 = -3*p - 4*w, -3*p - 9 + 13 = w. Let y be (-2 + p)*(-1 + (-64 - 3)). What is the highest common factor of y and 17?
17
Let y be (8/(-10))/(8/(-140)). Suppose -d - d + y = 0. Let o = 54 + -19. Calculate the highest common factor of o and d.
7
Let k(y) = 2*y**3 - 13*y**2 + 14*y + 11. Let z be k(5). Let m(v) = v**3 - 4*v**2 + 13*v - 30. Let i be m(z). Calculate the greatest common factor of i and 24.
24
Let v = -349 + 354. Let b = 482 - 268. Suppose -v*p = -2*k + b, k + 3*p = 45 + 73. What is the highest common factor of k and 16?
16
Let v be (-3 - (-3 - -3)) + 24. Let u = 24266 + -24175. Calculate the greatest common factor of u and v.
7
Let o = 1851 - -7269. Calculate the highest common factor of o and 342.
114
Suppose 6 = -b + 17. Suppose 220*r + 506 = 221*r. Suppose -8*y + r = 66. Calculate the greatest common factor of b and y.
11
Let z = -16778 + 16841. What is the highest common factor of z and 19887?
21
Let c = -2195 - -2330. Calculate the greatest common divisor of 108 and c.
27
Let z(q) = -q**2 - 61*q + 1794. Let w be z(21). Calculate the greatest common factor of 1212 and w.
12
Let t be (-11)/(330/(-50))*99/15. What is the greatest common factor of 319 and t?
11
Let b(d) = 42*d - 286. Let c(h) = -8*h + 57. Let m(y) = 2*b(y) + 11*c(y). Let k be m(7). Calculate the greatest common divisor of k and 135.
27
Suppose 4*h = -a + 1592, 9*a = 12*h - 13*h + 468. What is the greatest common factor of 242 and h?
22
Suppose -79*i + 3*i = -5700. Calculate the greatest common factor of 1275 and i.
75
Suppose -4329 = -135*l + 20617 + 6374. Let n be 2*-1 + (-62)/(-2). Calculate the greatest common factor of l and n.
29
Suppose -3*d - 24*x + 20*x + 519 = 0, 7*d - 1125 = 5*x. What is the highest common divisor of 30 and d?
15
Suppose 4*c + z = 103, z - 57 = c - 84. Let i = 28 + -10. Let n be -78*-2*3/i. Calculate the greatest common divisor of n and c.
26
Suppose -151415 = -112*r - 42513 + 57978. Calculate the highest common factor of 20 and r.
10
Let o(l) = -5 + l - 5 + 2*l**2 + 2*l**2 + 0. Let b be o(-5). Suppose b = 7*f - 41. What is the highest common factor of 144 and f?
18
Let o = -493 - -941. Calculate the highest common factor of o and 1504.
32
Let g(k) be the second derivative of 0 + 5*k - 4/3*k**3 + 15/2*k**2 + 1/12*k**4. Let l be g(7). What is the highest common divisor of l and 8?
8
Let i be 84/8*-12*(-2)/(-14). Let a be i/9*(1 - 64). Let d = 35 - 21. Calculate the greatest common factor of d and a.
14
Suppose -41*q + 10710 = -76*q + 53*q. What is the highest common divisor of 560 and q?
35
Suppose 12*o - 7 - 17 = 0. Suppose 6 = -g + 4*g. Suppose 4 - g = t. Calculate the greatest common factor of t and o.
2
Let h = 235 - 230. Suppose 5*j - 8 = -2*p, h*j - 14 = -4*p - 8. Calculate the highest common factor of j and 7.
1
Let w(z) = -2*z**2 - 12*z + 2. Let f be w(-5). What is the greatest common factor of 75 and f?
3
Let h = 61 + -45. Suppose -h*d + 30 = -6*d. Let x be 15/d*162/15. What is the highest common divisor of x and 6?
6
Let b(p) = 2 + 0 - 2*p - 12. Let w be b(-8). Let s be (84/(-112))/((-158)/(-160) + -1). What is the highest common factor of s and w?
6
Suppose 0 = -8*t - 59 + 275. Suppose 29*z = t*z + 464. Let l = 40 - 11. Calculate the highest common factor of l and z.
29
Let n be (-4 - 42/(-15))/((-2)/(-50)). Let g(y) = -5*y + 60. Let f be g(n). Calculate the highest common divisor of 21 and f.
21
Suppose 32*w - 338 = 654. Let j(h) = -2*h**2 - 31*h + 16. Let o be j(-15). Calculate the highest common divisor of o and w.
31
Let j = 15681 - 15373. What is the greatest common divisor of 605 and j?
11
Let y = 12942 + -12874. Suppose p = -0*p + 17. What is the highest common divisor of y and p?
17
Let u = -13 + 16. Suppose 19 = u*r + 169. Let h be (-66)/15*-2*r/(-4). Calculate the highest common factor of h and 44.
22
Let i be 13/((-13)/(-40)) - (0 + 3). Let g = i - 31. Suppose 23 = 2*p - n, g*p - 5*n = 2*p + 31. What is the highest common divisor of 21 and p?
7
Suppose -14 = g - 116. Suppose -3*f = -4*f + g. Let q(r) = -60*r - 5332. Let b be q(-90). What is the highest common factor of b and f?
34
Let c = 337 - 339. Let t be (-16)/(-7) + c - 78/(-21). Suppose -15 = -3*v - n, 0*n + 3 = -v - 3*n. Calculate the greatest common divisor of t and v.
2
Let s = 3270 - 3153. What is the highest common factor of s and 429?
39
Let r(z) = 13*z**2 - 423*z + 236. Let q be r(32). Let a(s) = s**3 - 2*s**2 + 4*s - 6. Let v be a(6). What is the highest common divisor of q and v?
6
Let g(p) = -p**3 + 3*p**2 + 13*p - 21. Let s be g(4). What is the highest common factor of s and 10?
5
Suppose 212*d = 236*d - 5568. Calculate the greatest common factor of 58 and d.
58
Let z(o) = -o**2 + 17*o + 1278. Let d be z(-22). Calculate the highest common factor of d and 285.
15
Suppose 0 = -w + 7, 6*v - v - 1605 = 5*w. Let q = 118 - 77. Calculate the greatest common divisor of q and v.
41
Let j = -10721 + 5485. Let i be (j/(-55))/((1 - 5)/(-20)). What is the highest common divisor of 7 and i?
7
Let f(u) = -45*u**3 + u**2 + 2*u + 1. Let o be f(-1). Let b = 490 + -485. Suppose 0 = -b*j - 11*j + 720. Calculate the greatest common factor of o and j.
45
Let f = -1114 - -1150. Calculate the greatest common divisor of 876 and f.
12
Suppose 39*k - 1708 = 1482 + 4298. What is the greatest common divisor of k and 528?
48
Let j be 0 - (-33 - (-1 - -1)). Suppose 3*b + 2*o - 6 = 30, 4*o = 0. Suppose -b*z + 39*z = 3564. Calculate the highest common factor of z and j.
33
Suppose 233*w - 170 = 216*w. What is the highest common divisor of w and 2225?
5
Let t = 1075 - 1019. Let m(v) = v**2 - v + 140. Suppose -5*o = 20, 0*i + 5*i - 20 = 5*o. Let s be m(i). Calculate the greatest common divisor of t and s.
28
Suppose 0*g - 1065 = -g - 2*m, 0 = 3*g - 5*m - 3228. What is the highest common divisor of 18 and g?
9
Let h(k) = -k**2 + 250*k - 3953. Let s be h(17). Suppose -93 = -5*o - 13. Suppose 0*z - o = -z. Calculate the greatest common di